{"id":26,"date":"2011-11-28T15:58:01","date_gmt":"2011-11-28T15:58:01","guid":{"rendered":"http:\/\/www.schuelersegeln-sh.de\/?page_id=26"},"modified":"2015-02-06T13:18:47","modified_gmt":"2015-02-06T13:18:47","slug":"pressebereich","status":"publish","type":"page","link":"https:\/\/www.schuelersegeln-sh.de\/?page_id=26","title":{"rendered":"Pressebereich"},"content":{"rendered":"<p><img loading=\"lazy\" decoding=\"async\" class=\"size-full wp-image-84 alignleft\" title=\"team acht\" src=\"http:\/\/www.schuelersegeln-sh.de\/wp-content\/uploads\/2011\/11\/bildrechts3.jpg\" alt=\"\" width=\"272\" height=\"620\" srcset=\"https:\/\/www.schuelersegeln-sh.de\/wp-content\/uploads\/2011\/11\/bildrechts3.jpg 272w, https:\/\/www.schuelersegeln-sh.de\/wp-content\/uploads\/2011\/11\/bildrechts3-131x300.jpg 131w\" sizes=\"auto, (max-width: 272px) 100vw, 272px\" \/><strong>Pressebereich und Downloads zum Verein<\/strong><br \/>\nHier stehen Ihnen Bildmaterialien zum Vererin Sch\u00fcler Segeln Schleswig-Holstein zur Verf\u00fcgung.<br \/>\nF\u00fcr weitere Fragen zum Thema Bilder, Pressetexte, Materialien und Pressever\u00f6ffentlichungen, kontaktieren Sie uns bitte unter: <a href=\"mailto:info@schuelersegeln-sh.de\">info@schuelersegeln-sh.de<\/a><\/p>\n<p><strong>Downloads<\/strong><\/p>\n<p>Logo &gt; <a title=\"Logo\" href=\"http:\/\/www.schuelersegeln-sh.de\/team_acht_cmyk.pdf\">Download<\/a> (12.2 KB)<br \/>\nPressebilder &gt; <a title=\"Pressebilder\" href=\"http:\/\/www.schuelersegeln-sh.de\/presse_team_acht_jpg.zip\">Download<\/a> (4.0 MB)<\/p>\n","protected":false},"excerpt":{"rendered":"<p>Pressebereich und Downloads zum Verein Hier stehen Ihnen Bildmaterialien zum Vererin Sch\u00fcler Segeln Schleswig-Holstein zur Verf\u00fcgung. F\u00fcr weitere Fragen zum Thema Bilder, Pressetexte, Materialien und Pressever\u00f6ffentlichungen, kontaktieren Sie uns bitte unter: info@schuelersegeln-sh.de Downloads Logo &gt; Download (12.2 KB) Pressebilder &gt; Download (4.0 MB)<\/p>\n","protected":false},"author":1,"featured_media":0,"parent":0,"menu_order":0,"comment_status":"closed","ping_status":"open","template":"","meta":{"footnotes":""},"class_list":["post-26","page","type-page","status-publish","hentry"],"_links":{"self":[{"href":"https:\/\/www.schuelersegeln-sh.de\/index.php?rest_route=\/wp\/v2\/pages\/26","targetHints":{"allow":["GET"]}}],"collection":[{"href":"https:\/\/www.schuelersegeln-sh.de\/index.php?rest_route=\/wp\/v2\/pages"}],"about":[{"href":"https:\/\/www.schuelersegeln-sh.de\/index.php?rest_route=\/wp\/v2\/types\/page"}],"author":[{"embeddable":true,"href":"https:\/\/www.schuelersegeln-sh.de\/index.php?rest_route=\/wp\/v2\/users\/1"}],"replies":[{"embeddable":true,"href":"https:\/\/www.schuelersegeln-sh.de\/index.php?rest_route=%2Fwp%2Fv2%2Fcomments&post=26"}],"version-history":[{"count":12,"href":"https:\/\/www.schuelersegeln-sh.de\/index.php?rest_route=\/wp\/v2\/pages\/26\/revisions"}],"predecessor-version":[{"id":81,"href":"https:\/\/www.schuelersegeln-sh.de\/index.php?rest_route=\/wp\/v2\/pages\/26\/revisions\/81"}],"wp:attachment":[{"href":"https:\/\/www.schuelersegeln-sh.de\/index.php?rest_route=%2Fwp%2Fv2%2Fmedia&parent=26"}],"curies":[{"name":"wp","href":"https:\/\/api.w.org\/{rel}","templated":true}]}}

<p><img loading="lazy" decoding="async" class="size-full wp-image-84 alignleft" title="team acht" src="http://www.schuelersegeln-sh.de/wp-content/uploads/2011/11/bildrechts3.jpg" alt="" width="272" height="620" srcset="https://www.schuelersegeln-sh.de/wp-content/uploads/2011/11/bildrechts3.jpg 272w, https://www.schuelersegeln-sh.de/wp-content/uploads/2011/11/bildrechts3-131x300.jpg 131w" sizes="auto, (max-width: 272px) 100vw, 272px" /><strong>Pressebereich und Downloads zum Verein</strong><br />
Hier stehen Ihnen Bildmaterialien zum Vererin Schüler Segeln Schleswig-Holstein zur Verfügung.<br />
Für weitere Fragen zum Thema Bilder, Pressetexte, Materialien und Presseveröffentlichungen, kontaktieren Sie uns bitte unter: <a href="mailto:info@schuelersegeln-sh.de">info@schuelersegeln-sh.de</a></p>
<p><strong>Downloads</strong></p>
<p>Logo &gt; <a title="Logo" href="http://www.schuelersegeln-sh.de/team_acht_cmyk.pdf">Download</a> (12.2 KB)<br />
Pressebilder &gt; <a title="Pressebilder" href="http://www.schuelersegeln-sh.de/presse_team_acht_jpg.zip">Download</a> (4.0 MB)</p>

<p>Pressebereich und Downloads zum Verein Hier stehen Ihnen Bildmaterialien zum Vererin Schüler Segeln Schleswig-Holstein zur Verfügung. Für weitere Fragen zum Thema Bilder, Pressetexte, Materialien und Presseveröffentlichungen, kontaktieren Sie uns bitte unter: info@schuelersegeln-sh.de Downloads Logo &gt; Download (12.2 KB) Pressebilder &gt; Download (4.0 MB)</p>
