{"id":46,"date":"2011-11-28T16:10:47","date_gmt":"2011-11-28T16:10:47","guid":{"rendered":"http:\/\/www.schuelersegeln-sh.de\/?page_id=46"},"modified":"2017-03-22T00:16:47","modified_gmt":"2017-03-21T23:16:47","slug":"initiative-zukunft-meer","status":"publish","type":"page","link":"https:\/\/www.schuelersegeln-sh.de\/?page_id=46","title":{"rendered":"Initiative Zukunft Meer"},"content":{"rendered":"<p><strong>Gru\u00dfwort des ehemaligen Ministerpr\u00e4sidenten des Landes Schleswig-Holstein, Peter-Harry Carstensen<br \/>\n<\/strong><\/p>\n<p><strong><img loading=\"lazy\" decoding=\"async\" class=\"size-full wp-image-259 alignleft\" title=\"phc\" src=\"http:\/\/www.schuelersegeln-sh.de\/wp-content\/uploads\/2011\/11\/phc1.jpg\" alt=\"\" width=\"350\" height=\"208\" srcset=\"https:\/\/www.schuelersegeln-sh.de\/wp-content\/uploads\/2011\/11\/phc1.jpg 350w, https:\/\/www.schuelersegeln-sh.de\/wp-content\/uploads\/2011\/11\/phc1-300x178.jpg 300w\" sizes=\"auto, (max-width: 350px) 100vw, 350px\" \/><\/strong>Wir Schleswig-Holsteiner leben im Land zwischen den Meeren. Wir leben von und mit dem Meer. Deshalb freue ich mich \u00fcber alle Aktivit\u00e4ten, die diesen Lebensraum erfahrbar machen und so die maritimen Kompetenzen unseres Landes st\u00e4rken.<\/p>\n<p>Was kann sch\u00f6ner sein, als wenn diese Erfahrungen sich bereits f\u00fcr junge Menschen damit verbinden, in der Gruppe Spa\u00df und Freude an gesunder k\u00f6rperlicher Bewegung in der Natur zu entwickeln? Der Segelsport bietet all dies in hervorragender Weise.<\/p>\n<p>Deshalb k\u00f6nnen wir mit dem Segeln gar nicht fr\u00fch genug beginnen. Das Projekt \u201eSch\u00fcler Segeln Schleswig-Holstein\u201c will Kindern und Jugendlichen diesen Sport vermitteln \u2013 in der Geborgenheit der Gemeinschaft, ansprechend, altersgem\u00e4\u00df und in einer weltweit einmaligen Verbindung aus neuester Technik, ausgefeilter Organisation und wissenschaftlich fundierter P\u00e4dagogik. Gern habe ich daf\u00fcr die Schirmherrschaft \u00fcbernommen. Ich bin mir mit den Initiatoren und Sponsoren sicher, dass das Projekt nicht nur eine segelsportliche Bewegung ausl\u00f6sen wird, sondern dass davon auch Impulse f\u00fcr mehr segelsportliches Engagement in den Gemeinden und Schulen des Landes ausgehen \u2013 ganz abgesehen von den positiven Auswirkungen auf Tourismus und Wassersportwirtschaft in den Regionen.<\/p>\n<p>Ich w\u00fcnsche \u201eSch\u00fcler Segeln Schleswig-Holstein\u201c deshalb gro\u00dfen Zuspruch und viel Erfolg f\u00fcr die Zukunft. M\u00f6gen viele Sch\u00fclerinnen und Sch\u00fcler in diesem Projekt das Segeln und damit gleichzeitig verstehen lernen, wie wichtig das Meer f\u00fcr uns in Schleswig-Holstein ist und bleibt.<\/p>\n<p>Ihr\/Euer,<br \/>\nPeter Harry Carstensen<br \/>\nMinisterpr\u00e4sident a.D.<\/p>\n<p><a href=\"https:\/\/www.schleswig-holstein.de\/DE\/Fachinhalte\/M\/meerespolitik\/landesinitiative_Zukunft_MeerNEU.html\"><img loading=\"lazy\" decoding=\"async\" class=\"alignleft wp-image-101 size-full\" title=\"Initiative Zukunft Meer\" src=\"http:\/\/www.schuelersegeln-sh.de\/wp-content\/uploads\/2011\/11\/ZukunftMeerLogo190_143.jpg\" alt=\"\" width=\"190\" height=\"143\" \/><\/a><strong>Der Verein Sch\u00fcler Segeln Schleswig-Holstein ist ein Teil der <a href=\"https:\/\/www.schleswig-holstein.de\/DE\/Fachinhalte\/M\/meerespolitik\/landesinitiative_Zukunft_MeerNEU.html\" target=\"_blank\">Initiative Zukunft Meer.<\/a><\/strong><\/p>\n<p>&#8222;Das Projekt \u201eSch\u00fcler Segeln Schleswig-Holstein\u201c vermittelt jungen Menschen Schl\u00fcsselqualifikationen f\u00fcr das Leben. Dabei st\u00e4rkt es auch das maritime Bewusstsein und die Attraktivit\u00e4t Schleswig-Holsteins als Urlaubsziel.&#8220;<\/p>\n","protected":false},"excerpt":{"rendered":"<p>Gru\u00dfwort des ehemaligen Ministerpr\u00e4sidenten des Landes Schleswig-Holstein, Peter-Harry Carstensen Wir Schleswig-Holsteiner leben im Land zwischen den Meeren. Wir leben von und mit dem Meer. Deshalb freue ich mich \u00fcber alle Aktivit\u00e4ten, die diesen Lebensraum erfahrbar machen und so die maritimen Kompetenzen unseres Landes st\u00e4rken. Was kann sch\u00f6ner sein, als wenn diese Erfahrungen sich bereits f\u00fcr junge Menschen damit verbinden, in der Gruppe Spa\u00df und Freude an gesunder k\u00f6rperlicher Bewegung in der Natur zu entwickeln? Der Segelsport bietet all dies in hervorragender Weise. Deshalb k\u00f6nnen wir mit dem Segeln gar nicht fr\u00fch genug beginnen. Das Projekt \u201eSch\u00fcler Segeln Schleswig-Holstein\u201c will Kindern und Jugendlichen diesen Sport vermitteln \u2013 in der Geborgenheit der Gemeinschaft, ansprechend, altersgem\u00e4\u00df und in einer weltweit einmaligen Verbindung aus neuester Technik, ausgefeilter Organisation und wissenschaftlich fundierter P\u00e4dagogik. Gern habe ich daf\u00fcr die Schirmherrschaft \u00fcbernommen. Ich bin mir mit den Initiatoren und Sponsoren sicher, dass das Projekt nicht nur eine segelsportliche Bewegung ausl\u00f6sen wird, sondern dass davon auch Impulse f\u00fcr mehr segelsportliches Engagement in den Gemeinden und Schulen des Landes ausgehen \u2013 ganz abgesehen von den positiven Auswirkungen auf Tourismus und Wassersportwirtschaft in den Regionen. Ich w\u00fcnsche \u201eSch\u00fcler Segeln Schleswig-Holstein\u201c deshalb gro\u00dfen Zuspruch und viel Erfolg f\u00fcr die Zukunft. M\u00f6gen [&hellip;]<\/p>\n","protected":false},"author":1,"featured_media":0,"parent":0,"menu_order":0,"comment_status":"closed","ping_status":"open","template":"","meta":{"footnotes":""},"class_list":["post-46","page","type-page","status-publish","hentry"],"_links":{"self":[{"href":"https:\/\/www.schuelersegeln-sh.de\/index.php?rest_route=\/wp\/v2\/pages\/46","targetHints":{"allow":["GET"]}}],"collection":[{"href":"https:\/\/www.schuelersegeln-sh.de\/index.php?rest_route=\/wp\/v2\/pages"}],"about":[{"href":"https:\/\/www.schuelersegeln-sh.de\/index.php?rest_route=\/wp\/v2\/types\/page"}],"author":[{"embeddable":true,"href":"https:\/\/www.schuelersegeln-sh.de\/index.php?rest_route=\/wp\/v2\/users\/1"}],"replies":[{"embeddable":true,"href":"https:\/\/www.schuelersegeln-sh.de\/index.php?rest_route=%2Fwp%2Fv2%2Fcomments&post=46"}],"version-history":[{"count":28,"href":"https:\/\/www.schuelersegeln-sh.de\/index.php?rest_route=\/wp\/v2\/pages\/46\/revisions"}],"predecessor-version":[{"id":732,"href":"https:\/\/www.schuelersegeln-sh.de\/index.php?rest_route=\/wp\/v2\/pages\/46\/revisions\/732"}],"wp:attachment":[{"href":"https:\/\/www.schuelersegeln-sh.de\/index.php?rest_route=%2Fwp%2Fv2%2Fmedia&parent=46"}],"curies":[{"name":"wp","href":"https:\/\/api.w.org\/{rel}","templated":true}]}}